3*j - 96 = 0. Suppose 0 = 7*h - 2*h + 4*l - 116, 2*h + 2*l = f. List the prime factors of h.
2, 3
Let l = -6 - -5. What are the prime factors of (-1 + l)/(2/(-10))?
2, 5
Let h = 198 - 125. List the prime factors of h.
73
Let l be -1 + (0 - -1) - -6. Let z(r) = -2*r**2 - 5*r - 4. Let x(i) = 3*i**2 + 4*i + 5. Let p(c) = -3*x(c) - 4*z(c). List the prime factors of p(l).
13
Let c = -17 - -10. Let r(m) = -m**3 - 6*m**2 + 6*m - 7. Let p be r(c). Suppose 2*x = -2*w + 2, p = -4*x + 2*w + 21 + 1. What are the prime factors of x?
2
Suppose 0 = -4*c + 4*d + 56, -2*c = -0*c + d - 40. Suppose -2*q + 19 - 5 = 4*f, 0 = -4*q + 2*f + c. List the prime factors of q.
5
Suppose 4*a - 174 = 2*w, w + 67 - 26 = a. What are the prime factors of a?
2, 23
What are the prime factors of ((-9)/(-3))/(3/19)?
19
Let q(j) = j**3 + 11*j**2. Let b be q(-11). Suppose -24 = -b*o - o. What are the prime factors of o?
2, 3
Suppose 5*x - 35 = 5*i, x = -2*i - 2 - 3. Suppose -7*k + 88 = -x*k. List the prime factors of k.
2, 11
Let z be (-10)/(-4)*(-1 + 3). Let c = 6 - 4. Let n = z - c. What are the prime factors of n?
3
Suppose 5*m - 48 + 203 = 0. Let u = -8 + -43. Let x = m - u. List the prime factors of x.
2, 5
Let k(v) = v**2 + 7*v + 3. Let f = 6 - 12. Let h(c) = c**2 + 7*c - 1. Let s be h(f). What are the prime factors of k(s)?
3
Let h = -637 + 965. List the prime factors of h.
2, 41
What are the prime factors of (3/(-12))/(((-6)/3)/1784)?
223
Let t(b) = 2*b**2 + 12*b + 2. Let i be t(-6). Let u be (-5 - -2)*1*-1. Suppose -u*r = 4*d - 49, -3*r + i*d + d + 63 = 0. What are the prime factors of r?
19
Let z = 107 + 33. Let m = -90 + z. List the prime factors of m.
2, 5
Suppose 30*j - 35*j + 120 = 0. List the prime factors of j.
2, 3
Suppose 5*q - 4*o - 36 = 0, -q + 0*o = 4*o + 12. Suppose q*b - 12 = b. Suppose -4*c + 0*c = 0, -b*c - 16 = -4*p. What are the prime factors of p?
2
List the prime factors of 4*((-8)/(-6))/((-3)/(-63)).
2, 7
Suppose -m - 177 = -2*s, -4*s - s + 4*m + 438 = 0. List the prime factors of s.
2, 3, 5
Suppose -7 = -3*x - 3*p + 4*p, 0 = 5*x - 4*p - 14. Suppose x*a = 6*a - 48. List the prime factors of a.
2, 3
Let z(g) = -4*g + 2. List the prime factors of z(-4).
2, 3
Let s(l) = -l**3 + 5*l**2 - l - 3. Let t be s(5). List the prime factors of (16/10)/(t/(-80)).
2
Let h(x) = 11*x**2 - 2. List the prime factors of h(-3).
97
List the prime factors of (230/30)/(1/(1*9)).
3, 23
Suppose -3*a + 14 = -a. List the prime factors of a.
7
Let b(s) = s**2 + 13*s + 4. Let q = -27 + 13. List the prime factors of b(q).
2, 3
Suppose 28 = 2*a - 2. What are the prime factors of a?
3, 5
Let a be ((-6)/(-5))/((-15)/50). Let y be (-60)/25 + a/(-10). Let q = y + 8. List the prime factors of q.
2, 3
Let b = -12 + 40. Let p = b + -13. Let t = p + -3. List the prime factors of t.
2, 3
Let k(p) be the third derivative of 5/3*p**3 + 0*p + p**2 - 1/120*p**6 + 0 + 3/20*p**5 - 1/3*p**4. What are the prime factors of k(8)?
2, 5
Suppose -4*w + w = -4*h - 46, 0 = 4*w + 5*h - 51. What are the prime factors of w?
2, 7
Suppose 5*b = 4*k + 21, 4*k - 17 = -4*b + 7. Let l be 5/k*(-4)/(-10). Suppose 5*n - l*n = 66. What are the prime factors of n?
2, 11
Suppose 4*p = -3*c + 110, -100 = -5*c + 2*c - 2*p. Suppose -c = -2*w - s, w - 11 = -4*s + 11. What are the prime factors of w?
2, 7
Suppose -23 + 3 = -5*b. Suppose 6*l - l - 29 = -v, 20 = b*l. List the prime factors of v.
2
Suppose 3*m - 11 = 1. Suppose 5*q + 35 + 130 = m*g, -2*g + 4*q = -90. What are the prime factors of g?
5, 7
Let x(p) = -p**2 - 14*p - 4. Let o be x(-14). Let c(u) = -2*u - 2. What are the prime factors of c(o)?
2, 3
Suppose 76 = -n + 2*r + 219, 0 = -3*r + 12. List the prime factors of n.
151
Let k(c) = c**3 + 3*c**2 - 5*c + 1. Let x be k(-4). Suppose 0 = -2*q + q + x. List the prime factors of q.
5
Suppose -3*y - 132 = -5*i, 58 = i + i + 4*y. What are the prime factors of i?
3
What are the prime factors of 15 + 1/((-4)/8)?
13
Let d(w) = -2*w + 1. Let o be d(-1). Suppose -78 = -0*s - o*s. What are the prime factors of s?
2, 13
Suppose 3*a - f + 7 = 0, 4*a + f = -3 - 4. Let v be (-4)/a*10/4. Suppose 3*i - 4*l = 6, -36 = -v*i - l - l. List the prime factors of i.
2, 3
Suppose -4*d = -2*d - 92. Let m(x) = -x**3 + 13*x**2 - 12*x + 5. Let b be m(12). Suppose 34 = b*w + 5*u - d, 5 = u. List the prime factors of w.
11
Suppose -5*h + 20 + 5 = 0. Let f = h - -7. List the prime factors of f.
2, 3
Let o be ((-650)/(-4))/(-5)*-2. Suppose -4*j - j + o = 0. List the prime factors of j.
13
Suppose 4*c + 31 = 3*f - 63, -4*f + 2*c = -112. Let x = f + -19. List the prime factors of x.
7
Let c = -2 - 4. List the prime factors of c/(-6*(-2)/(-16)).
2
Let h(t) = -1. Let o(m) = -m. Let g(l) = -h(l) - 3*o(l). Let y be g(-3). Let w = y + 12. What are the prime factors of w?
2
Let d(f) = f**2 - 3*f + 9. What are the prime factors of d(6)?
3
Let s = 214 + -110. What are the prime factors of s?
2, 13
Let t(g) = -g**3 + 6*g**2 + 7*g - 3. Let o be t(7). List the prime factors of (1 - -6)*2 + o.
11
Let d = -43 + 60. Suppose 5*c + 2 = 2*h + d, -h = 5*c - 30. What are the prime factors of h?
5
Let j(i) = -6*i**2 + 17*i. Let w(s) = -s**2 + s + 1. Let b(y) = j(y) - 5*w(y). What are the prime factors of b(7)?
2, 3, 5
Let o(x) = 6*x**2 - 3*x - 28. List the prime factors of o(-6).
2, 103
Let c = 12 + -8. Suppose c*g + 12 = 0, -2*g + 0 = x + 2. List the prime factors of x.
2
List the prime factors of 4 + (-1)/1 - -104.
107
Let k be -10 - (2 + -1)*1. List the prime factors of 2/k + (-68)/(-11).
2, 3
Suppose 10*n - 777 = 2733. List the prime factors of n.
3, 13
Let i = 166 + -111. List the prime factors of i.
5, 11
Let c(y) = -y**3 - 7*y**2 - 4*y + 9. Let x be c(-7). Let p = x - 12. List the prime factors of p.
5
Let v be 3*(-4 - (3 - 6)). Let w be 2/v*(-333)/6. Suppose -w = -u - 13. What are the prime factors of u?
2, 3
Let g be -2 + (-2 - -2) + 3. Let x(d) = 55*d**2 - 1. Let s be x(g). Let i = s - 36. What are the prime factors of i?
2, 3
Let t(s) = -s + 8. Let w be t(6). Let h = 19 - w. List the prime factors of h.
17
Let v be (4/(-14))/(3/(-21)). Let a(r) be the first derivative of r**3 + r**2/2 - 2*r + 1. List the prime factors of a(v).
2, 3
Suppose 0*j - 2*x + 102 = 5*j, 5*x + 20 = 0. Suppose -5*d = -j + 2. What are the prime factors of d?
2
Let p be (-21)/(-3) + (-2 - 1). Suppose 4*o = 5*g - 76, p*g - 28 - 36 = 4*o. List the prime factors of g.
2, 3
Let n = -40 - -88. List the prime factors of (n + 1)*(5 - 4).
7
Suppose p + z - 18 = -3*p, z = 2*p - 12. Suppose 0 = -4*j - 4*h - 9 + 37, -p*j = -2*h. List the prime factors of -1*(-2 + 1 - j).
3
Suppose 0 = h + 16. Let n = h - -26. List the prime factors of n.
2, 5
Let c(z) = -z**2 + 3*z + 2. Let v be c(7). Let j = -14 - v. What are the prime factors of j?
2, 3
Suppose -5*t + 128 = 2*m + 2*m, 0 = 3*t - 3*m - 66. Let a be 110/(-8) + 1/(-4). Let x = a + t. What are the prime factors of x?
2, 5
List the prime factors of ((-16)/(-3))/(24/36).
2
Let v(l) = 3*l**2 - 2*l + 2. Let x = 15 - 11. List the prime factors of v(x).
2, 3, 7
Let x(y) = 3*y**3 - 2*y**2 + 2. What are the prime factors of x(2)?
2, 3
Let v(i) = -i**2 + 7*i - 5. Let x be v(7). Let r = x - 0. Let p(z) = z + 10. What are the prime factors of p(r)?
5
List the prime factors of (-34)/6*(49 + -52).
17
Let a = -20 - -35. Suppose -5*m = a - 35. Suppose -3*r + m = -r. What are the prime factors of r?
2
Let f = -13 + 13. What are the prime factors of 377/13 - (-1 - f)?
2, 3, 5
Suppose 3*f - 2*f = -1. Suppose 0 = -4*m - 5*d + 31, 4*m - 29 + 1 = -4*d. List the prime factors of f/(-3)*3 + m.
5
What are the prime factors of (-34)/((5 + -3)*(-1)/5)?
5, 17
Let o be (3/(-2))/(12/(-56)). Suppose 2*q - 27 = -o. What are the prime factors of 3/(3 + (-24)/q)?
5
Let n = 14 + 2. List the prime factors of n.
2
Suppose 16*q - 94 = 15*q. List the prime factors of q.
2, 47
What are the prime factors of 14/((-48)/(-21) - 2)?
7
Let h(d) = 234*d - 2. What are the prime factors of h(1)?
2, 29
Let s(g) be the third derivative of g**5/60 - g**4/8 + g**3/3 + 2*g**2. List the prime factors of s(-3).
2, 5
Let h = 198 - 112. List the prime factors of h.
2, 43
Let m(c) = -c**3 + 11*c**2 + c + 3. Suppose 22 = j + j. What are the prime factors of m(j)?
2, 7
Let q = 0 + 4. Let t = 6 - q. List the 